(d).
-3
Let i(q) = -4*q - 3. Let s(m) = 3*m + 2. Let g(k) = -5*i(k) - 7*s(k). Suppose 1 = -2*n + 11. Suppose -5*f = -t + 6*t, -n*f + 2 = 3*t. Give g(f).
0
Let c be (-51)/(-6) - 4/(-8). Suppose 0 = c*y - 5*y. Let j(g) = y*g + g + 2 + 10 - 1. Give j(-6).
5
Let s(k) be the second derivative of k**3/6 - 2*k**2 + 20*k. Let z = -1 - 4. Let v = z - -10. Calculate s(v).
1
Let j(t) = 3*t**3 - t**2 + 2*t - 2. Let g be j(1). Suppose 3*n - n = g*p + 8, -p + 5*n = -16. Let d(c) = -c**2 - 10*c + 2. Determine d(p).
11
Let l be -7*((-6)/7 - 0). Let y(z) = 4 - 4 + l*z**2 + 7 + z + z**3. Let q(a) = 5*a**2 + 27*a + 4. Let d be q(-5). Calculate y(d).
1
Let a(c) = -1 + 1 - 22*c**2 + 13*c + 20*c**2 + 13. Determine a(8).
-11
Let j(d) be the first derivative of -74*d**3/3 - d**2/2 + 515. What is j(-1)?
-73
Let p(w) = -w**2 + 3. Suppose -16*h - 132 = 6*h. Calculate p(h).
-33
Let m(r) = -2*r + 31. Let f be m(13). Let c(k) = -k**2 + 0*k + 4 + 0*k**2 + 4*k - 7. Give c(f).
-8
Let z(w) = -3*w**2 - 2*w - 1. Let h(d) = d**3 + 29*d**2 + 28*d - 1. Let f be h(-28). Calculate z(f).
-2
Let k(a) = -5*a - 104. Let d be k(-21). Let p(h) = 2*h**2 - 3*h + 2. Determine p(d).
1
Let j be 1/((-1)/(-2)) + -2. Suppose -3*v - 8 = -7*v. Let s(g) = 3*g**2 + 413 - 418 + 0*g**2 - 4*g**v. Give s(j).
-5
Let x(y) be the second derivative of -y**5/20 + 5*y**4/6 + 5*y**2 + 633*y. Determine x(10).
10
Let t(f) = 5*f - 20*f - 7 + 14*f + 3*f. Give t(10).
13
Let f = -279 + 290. Suppose f*l + 15 = 6*l. Let v(n) be the first derivative of n**4/4 + n**3 - n**2/2 + 2*n + 1. What is v(l)?
5
Let a(b) = -b + 1 + 0 + 4. Let p be a(0). Suppose -p*k = -10*k + 10. Let i(z) = 2*z**2 - 2*z - 1. Determine i(k).
3
Let t = 133 - 120. Let b(k) = 3*k - 1. Let y = -5 + 11. Let g(o) = -6*o + 1. Let r(n) = t*b(n) + y*g(n). Calculate r(5).
8
Suppose -15 = -5*t - 0. Let b(r) = -t*r - 4*r + 8*r. Give b(-5).
-5
Let r(u) = -3 - 2 + u - 2. Let m(y) = 2*y**3 - 2*y**2 + 11*y - 13. Let q(z) = -z**3 + z**2 - 5*z + 6. Let j(x) = -6*m(x) - 13*q(x). Let t be j(0). Give r(t).
-7
Let w(i) = i**2 - 2*i. Let k(u) = -2*u**3 + u - 11. Let b(a) = -k(a) - w(a). What is b(0)?
11
Let x(n) be the first derivative of n**4/4 + n**3/3 + 11*n + 143. Give x(0).
11
Let n(z) = 12*z**3 - z**2. Let h be (2/4)/((-28)/56). What is n(h)?
-13
Let n(l) = l**3 - 5*l**2 - l. Let a be n(5). Let r(z) be the second derivative of -5/12*z**4 + 15*z - 1/20*z**5 - z**2 - 1/3*z**3 + 0. What is r(a)?
8
Suppose 218*w - 30 = 224*w. Let x(g) = -g - 7. Calculate x(w).
-2
Let v(b) = 8*b + 9*b - 7*b + 5. Let h(g) = -10*g - 4. Let n(m) = -4*h(m) - 3*v(m). Let r = 134 + -133. What is n(r)?
11
Let w(r) = r. Let o(f) = -5*f - 4. Let l(v) = -15*v - 12. Let n(a) = -6*l(a) + 17*o(a). Let u = 148 - 149. Let g(c) = u*n(c) + 4*w(c). Calculate g(-6).
2
Suppose 34*g = 37*g - 24. Let u(f) = -f**3 + 7*f**2 + 6*f + 10. Determine u(g).
-6
Let i(w) be the first derivative of -9/2*w**2 - 7/3*w**3 - 17 + 1/4*w**4 + 2*w. Give i(8).
-6
Let i(f) = 67*f**3 + 4*f**2 + 9 + 1 - 3 - 68*f**3 - f. Give i(3).
13
Let o(w) = -w**2 + w - 1. Let m(h) = 6*h**2 - 14*h + 3. Let n(i) = m(i) + 3*o(i). Let l(x) = 2*x**2 - 10*x - 1. Let v(p) = 4*l(p) - 3*n(p). Give v(-6).
2
Let x(k) = -120*k - 129*k + 10 + 243*k. Determine x(4).
-14
Let d(x) = x - 7. Let i be d(10). Suppose j = -q - 4, j - i = 3*j + q. Let l(t) = 4*t**3 + 2*t - 1. Determine l(j).
5
Let v(z) = 1 + 2 + z**2 - 3*z**2 - 3 - 4 - 4*z. Suppose 0 = 3*r - k + 8 - 3, -4*r + 5*k = -8. What is v(r)?
-10
Let n(a) be the second derivative of a**5/60 - a**4/3 - 13*a**3/6 - 21*a**2/2 - 11*a. Let d(b) be the first derivative of n(b). Calculate d(9).
-4
Let i(n) be the first derivative of 59*n**4/4 + n**2/2 - n + 620. What is i(1)?
59
Let f(i) = 3*i + 1. Let a = -84 + 87. Calculate f(a).
10
Let w(s) = -s**3 + 2*s + 6. Suppose -15*l = -20*l. Give w(l).
6
Let k(u) = u**3 + 7*u**2 - 8*u + 3. Let d be k(-8). Let j(i) be the first derivative of -1/3*i**3 - d + i - 2*i**2. Give j(-4).
1
Let y(g) = -g**2 - g + 1. Let m(h) = h**3 + 4*h - 7. Let f(n) = m(n) + 4*y(n). Suppose 17*d - 2*d = 9*d + 24. What is f(d)?
-3
Let a be 62/8 - (-8 - (-124)/16). Let j(r) = 5*r + 98*r**3 - a*r**2 - 97*r**3 - 13*r + 4. Give j(9).
13
Let s(v) = 4*v - 12*v + 4*v + 3*v - 1. What is s(-7)?
6
Let k(b) = -b**3 + b**2 + 8*b + 7. Let i(w) = w**3 - 7*w - 7. Let o(j) = 6*i(j) + 5*k(j). Let s be (4 + (-36)/4)*1. Determine o(s).
3
Let k(h) = -2*h**3 + 13*h**2 - 4*h - 13. Let p be k(6). Let d(x) = 17*x + 3. What is d(p)?
-14
Let b(u) be the third derivative of -u**4/24 + u**3/2 + 34*u**2. Determine b(10).
-7
Suppose 1 = 7*f - 55. Let x be (0 + -16)*f/(-16) + -2. Let c(l) = l - 5. Determine c(x).
1
Let v(b) = b**3 + 5*b**2 + 4*b - 5. Let a be 44/(-506) + (-90)/23. Give v(a).
-5
Let g(h) = 473 + 481 + h**2 - 955 - 2*h**2 + 11*h. What is g(9)?
17
Let y(f) = 3*f + 5. Let s be y(-4). Let l(a) be the first derivative of a**3/3 + 9*a**2/2 + 9*a + 19. Give l(s).
-5
Let b(i) be the third derivative of i**5/60 + i**4/12 - i**3/6 - 45*i**2. What is b(1)?
2
Let m(j) = -5*j + 3. Suppose -4*s - 6*a + 10*a + 32 = 0, 4*s - 3*a = 31. Give m(s).
-32
Let u(j) = -j**3 - 4*j**2 + 6*j + 2. Let o be 11/(-4) + (-9)/36. Let h = o - -6. Let w be (-5)/(h + 1 + -3). Calculate u(w).
-3
Let z(u) = 4*u - 23. Let j be z(7). Let b(c) = -c**2 + 5*c + 7. What is b(j)?
7
Let l(g) = -g + 9. Let w be l(9). Suppose w = 3*r, -4*o - 5*r - 145 = -21. Let i = o + 33. Let k(d) = 4*d**2 - d - 2. What is k(i)?
12
Suppose -4*l = -5*l - 1. Let n(o) = -350*o + 4 - 342*o - 3 + 694*o. Give n(l).
-1
Let o = -229 - -233. Let p(d) be the second derivative of 0 + 1/2*d**2 - d + 1/3*d**o - 1/20*d**5 + d**3. What is p(5)?
6
Let x(w) = w**2 - 2*w + 4. Let z(t) = t - 1. Let i(k) = x(k) + 2*z(k). Let j be 18/45 + (1638/(-15))/3. Let b be ((-1)/(-3))/(6/j). Determine i(b).
6
Let m(s) = -14*s + 9. Suppose -3*j = -5*j + 2. Let c be m(j). Let b(d) = d**3 + 6*d**2 + d. Give b(c).
20
Suppose -2 = -5*a + 18. Let t(i) = -8*i - a*i + 9*i + 1. Give t(2).
-5
Suppose 0 = -4*z + 12, -2*z = -5*o - 7*z + 50. Let h(l) = -2*l - 6 + o + 4*l. Let q be (4/3)/(6/(-9)). Give h(q).
-3
Let i(h) = h**2 + 8. Let z = -291 + 291. Give i(z).
8
Suppose 0 = -y + 3*y - d - 5, -13 = -4*y - d. Suppose -5*a = -y*b - 0*b + 28, 4*a - 4 = -2*b. Let j(g) = g**2 - 6*g - 5. Give j(b).
-5
Let p(o) be the third derivative of -5*o**4/24 - o**3/6 - 14*o**2. Let v be 1*1/1*-1. Calculate p(v).
4
Let j(q) be the third derivative of -q**6/120 - q**5/5 + q**4/2 - 11*q**3/6 - 61*q**2. Determine j(-13).
2
Let k(r) be the second derivative of 1/20*r**5 + 1/2*r**2 + 0 + 1/2*r**4 - 8*r - r**3. Calculate k(-7).
-6
Let r(t) be the first derivative of 0*t - 4/3*t**3 - 3/2*t**2 - 46. Give r(-2).
-10
Let t be -1 - (45/27 - 14/3). Let k(c) be the second derivative of 3*c**t - 1/6*c**3 + c + 0. Calculate k(-5).
11
Let l be 0/(-4*3/(-6)). Let i(j) = j**2 + 2. Let m be i(l). Let k(a) = a**2 - 3*a. Give k(m).
-2
Let q(j) = j**2 + j - 1. Let p(c) = -8*c - 16. Let l be p(-2). Give q(l).
-1
Let u(v) be the first derivative of v**4/4 - 2*v**3/3 - 3*v**2/2 + 2*v + 1. Suppose 164 = 16*o + 25*o. What is u(o)?
22
Let d(t) = 2*t**2 - t**3 - 34*t + 4*t**2 - 2*t**3 - 1 + 27*t + 4*t**3. Determine d(-6).
41
Let j(f) be the second derivative of f**4/6 - 7*f**2/2 - 3*f - 36. Calculate j(5).
43
Let y be 1 - -2*2/1. Suppose 2*c - y = -1. Let o(r) = -r + 2*r**3 + r - 4*r**c - r**3 + 2*r + 1. Calculate o(2).
-3
Let m(c) = -5*c**2 + 3*c. Let k = 5 + 22. Let n be 6/k*(14 + -5). What is m(n)?
-14
Suppose 4*u + 82 = -46. Let v = 36 + u. Let s(j) = -j**3 + 3*j**2 + 3*j + 1. Calculate s(v).
-3
Let c(d) = 3533 - 3537 - d**2 + 5*d - 4*d**2 + d**3 + 0*d - 2*d**3. Give c(-6).
2
Let p(v) = -5*v**2 + 2. Let j be (12/15)/(-4) - 12/(-10). Let k be (1*j*-1)/(18/36). Determine p(k).
-18
Let j = 1956 - 1949. Let s(n) = -n**3 + 2*n**3 - 8*n**2 + 4*n + 2*n. Calculate s(j).
-7
Suppose t - 9*t + 560 = 0. Let n be 12/7 - -4*5/t. Let k(f) = f**3 - f**2 - 4*f + 3. What is k(n)?
-1
Let g = 60 + -41. Let h(o) = o**3 - 18*o**2 - 19*o + 4. What is h(g)?
4
Let u be ((-2)/9 + 0)*1116/(-62). Let r(v) be the second derivative of -5/6*v**3 + 0 + 1/12*v**u + v**2 + 12*v. What is r(3)?
-4
Let z(s) = -33*s + 456. Let d be z(14). Let j(f) = f**3 + 7*f**2 + 3*f - 13. Give j(d).
5
Le